Is h composite?
False
Let o be (192/60)/((-2)/(-5)). Let c(m) = 12*m**3 - 5*m**2 - 3*m - 16. Let y be c(o). Suppose -3*k + 7317 = -y. Is k a prime number?
False
Let j be (-1077)/2*10/(-15). Suppose z = 7*z - 3876. Let l = z - j. Is l composite?
True
Is 1120017*((-6 - -2) + -11 + 224/14) composite?
True
Suppose 64*x = 71*x + 21. Is (-4094)/(x + 5/5) prime?
False
Let a be (6 - 3)*(0 + (-2)/2). Let c(x) = -5031*x - 14. Is c(a) prime?
False
Let r = 68 + -63. Suppose x - 2*v = 5971, 7*v + 11950 = 2*x + r*v. Is x a prime number?
False
Let f(v) = v**3 + 7*v**2 + 9*v - 9. Let p be f(-4). Suppose z = 5*z - 2*o - 10008, -p*z + 4*o + 7501 = 0. Is z a composite number?
False
Let p be 25/15 + -1 + (-2)/3. Let r = -890 - -2103. Suppose -k + r = 3*w - 1449, p = 5*k - 5. Is w a prime number?
True
Let n(s) = -6*s - 2*s**2 + 2749*s**3 - 5*s + 13*s. Suppose 4*y - 8*y + 4 = 0. Is n(y) composite?
False
Is (-976755)/(-13) + (41 - 25) prime?
False
Let j(x) = -22*x - 932. Let b be j(13). Let s be (-178)/2*(-31)/(-1). Let f = b - s. Is f a composite number?
True
Let c(j) be the first derivative of j**4/4 + 11*j**3/3 + 2*j**2 - 23*j + 231. Let r = -25 - -15. Is c(r) a composite number?
False
Suppose -4*d - 5*u + 11 = 0, -d + 5*d - u - 17 = 0. Let r be (0 - d) + 6 - -24. Suppose -4*v + 98 = -r. Is v a composite number?
False
Let r = 5381 + -3192. Let s = 4722 - r. Is s composite?
True
Suppose -4*p = 4*c - 3*p - 56146, 0 = 4*c - 5*p - 56158. Let r = -9886 + c. Is r prime?
False
Let y(i) = i**3 - i**2 - 351*i + 1456267. Is y(0) composite?
False
Let x(w) = 225*w**2 - 7*w - 7. Let o be (-153)/(-15) - (-1 + (-6)/(-5)). Suppose 37*l = 32*l - o. Is x(l) a prime number?
True
Let i(k) = k - 1. Let r(v) = -1962*v - 20. Let b(u) = -i(u) - r(u). Is b(2) prime?
True
Let d(h) = -108 - 35 - 105 + 659*h + 40 - 123. Is d(30) a prime number?
False
Let g(w) = 4*w**2 + 61*w - 438. Is g(-32) prime?
False
Let q be (-8 - 2)*((-1)/(-4) + (-1540)/(-112)). Suppose 2*t + t - 3*w - 564 = 0, 0 = -2*t - w + 385. Let s = t - q. Is s prime?
True
Let q(m) = 3349*m - 47. Let p be q(7). Suppose 0 = -10*c + 3014 + p. Is c composite?
True
Let r = -956010 + 2092733. Is r a prime number?
False
Suppose 179*o - 104*o - 1764 - 1461 = 0. Let j(h) = 38*h**2 - h - 1. Let n be j(-1). Suppose -o*f + n*f + 4565 = 0. Is f a prime number?
False
Suppose 116210 = -2*j + 7*j. Suppose -15*x + 11513 = -j. Is x a prime number?
False
Suppose -4*n + 50170 = -107890. Suppose 7*z - 5*z + n = 5*r, 2*z - 39495 = -5*r. Is r composite?
False
Let y = 313536 + -188377. Is y composite?
True
Is (95/(-75))/((-1)/(-3)*-1)*75745 a composite number?
True
Let m = -45 + 48. Suppose -2*h = m + 5, 0 = -3*d - h + 8. Let j(z) = 51*z + 15. Is j(d) a prime number?
False
Let t be ((-1876)/(-2))/(23/(-6) + 4). Let n be (t/8)/(-3) + (-3)/(-2). Let o = 376 + n. Is o composite?
True
Is (140344/48)/((-4)/(-24)) a prime number?
False
Suppose 28*y - 198251 = 217857. Is (1 + y)*(-11)/(-22) prime?
False
Is (-54)/(-12)*28/18 - -746237*2 a composite number?
True
Let a = 877 + -1242. Let v = a - -575. Suppose 0 = -q + v + 577. Is q prime?
True
Let p(o) = -o**3 - 14*o**2 - 11*o + 4. Let m be p(-13). Let r = m - -8. Is r/35 + (-4874)/(-10) a composite number?
False
Let p = 26 - -14. Let b be (-108)/(-81) - p/(-6). Let k(l) = 141*l - 61. Is k(b) a composite number?
True
Let y(n) = n**2 - 10*n - 1. Let q be y(10). Let a(b) = -1960*b**2 - 7*b - 5. Let l(j) = 2940*j**2 + 10*j + 7. Let o(w) = 7*a(w) + 5*l(w). Is o(q) prime?
False
Is -20 + 1208/60 - 2/(-30)*200953 prime?
True
Let k(i) = 3*i + 18. Let l be k(-4). Suppose -p + l*p + 3*w = -9, 6 = 5*p - 2*w. Suppose p*c - 4*c = -132. Is c prime?
False
Let j = -546 + 1227. Let o = -478 + j. Is o a prime number?
False
Suppose -17*z + 920114 + 1382145 = 0. Is z a composite number?
False
Is (17564/(-10))/(30 - 1208/40) a composite number?
True
Suppose 0 = -a - 2*x + 1618, -223 = 3*a - 4*x - 5087. Let s = 2509 - a. Is s prime?
False
Is 47601 - ((-486)/18 + 17) a prime number?
False
Let g be (0/2 - -2366) + (-1 - -5). Let n = g + 1021. Suppose 3*m + 1689 = 4*m - 4*h, -5*h + n = 2*m. Is m prime?
True
Suppose 19*j + 5*p = 18*j - 22557, -2*j = 3*p + 45086. Let x = -14811 - j. Is x prime?
False
Let s(v) = 60*v**2 + v - 4. Let y be s(2). Let k = 419 - y. Let f = k - -42. Is f prime?
True
Is (0 + (-625273)/(-55))*5/1 composite?
False
Suppose -3*z + 41 = t, 0 = -2*z - 3*t + 11 + 21. Suppose -f + 145305 = -4*f. Is (-2)/z + f/(-65) prime?
False
Suppose -5*g + 0*g - y = -72964, 3*g + 5*y - 43774 = 0. Suppose -5*x + 24309 = -2*z, -3*z = -3*x + 2*z + g. Is x a composite number?
False
Is (1264389/(-14))/((-15)/10) a composite number?
False
Let r be (-4 - -22) + 7 + 3. Suppose 8*u - r*u = -211780. Is u a prime number?
True
Is 411484*((-2717)/208 - -11)/(3/(-4)) a prime number?
False
Let a(k) = k**3 - 33*k**2 + 34*k - 37. Let z be a(32). Is (z/6 + -5)/(1/(-4390)) composite?
True
Let k(u) be the second derivative of u**6/45 + u**5/20 - 13*u**4/24 + 5*u**3/3 - 14*u. Let i(m) be the second derivative of k(m). Is i(-14) a prime number?
True
Suppose 0 = -a - 2*g - 1 - 6, g = -a - 3. Is 45 + 12/(-4) + a a composite number?
False
Let r(v) = 25*v**2 - 15*v - 6. Let d be r(-18). Suppose 3093 + 1923 = 3*h + k, -3*k + d = 5*h. Is h prime?
False
Suppose -60*v - 91*v + 62464226 = -129*v. Is v a prime number?
True
Let g(i) = 1808*i**3 - 2*i**2 + 3*i - 2. Let s be g(1). Suppose 0 = -4*o + o. Suppose 15*z - 2*z - s = o. Is z composite?
False
Let c = 31856 + -19419. Is c prime?
True
Suppose 0 = -29*g + 30*g - 4. Suppose 2*w + 425 = -g*b + 2823, 0 = -5*w + b + 5940. Is w a composite number?
True
Is 78/143 - 1520386/(-22) composite?
False
Is (-6)/(-12)*5/((-45)/(-20351178)) a prime number?
True
Is (-362742)/28*12/(-9) + (-2385)/5565 prime?
False
Suppose -3*k = 2*i - 5, 3*i = 3 - 18. Let t(v) = -4*v + 0*v + 52 + 0*v + k*v. Is t(-15) prime?
True
Let j = -970 + 3068. Let h be j + (0*3/12 - 4). Suppose 2*c - h = -4*u, c - 847 = -u + 198. Is c a composite number?
True
Let w = 53472 - -21835. Is w composite?
False
Let z(f) = -f**2 - 11*f + 4. Let w be z(-11). Suppose -w*i + 2529 = -4*j - 9791, -12325 = -4*i - j. Let n = i + -374. Is n composite?
False
Let x = -49 - -55. Suppose z = x - 4. Suppose -5*v + 3*o + 8238 - 1339 = 0, -6901 = -5*v + z*o. Is v prime?
True
Let b(k) = k**3 - 8*k + 1. Let o be b(3). Suppose 2*t - 4*t = 0. Suppose 4*w = 2*n - 978 - 5992, 2*n + o*w - 7002 = t. Is n composite?
True
Let s = 1506 + -25. Is s composite?
False
Let h be (-4 - -6 - 1)*(0 + -4). Let p(v) = 46*v**2 + 5*v + 5. Is p(h) a composite number?
True
Let j(f) = -3*f**3 + 4*f**2 - 948*f + 532. Is j(-87) prime?
False
Suppose -20*r + 22*r - 580422 = -5*n, 1450985 = 5*r - 5*n. Is r a prime number?
True
Suppose -2*h = g + 14, 3*h + 27 = -2*g + 4. Let k be (28/(-35))/((-1)/h). Is (130/25)/(k/(-10)) prime?
True
Let v = -60 + 60. Suppose v*i = 4*i - 2*j - 568, 3*i + 2*j - 433 = 0. Is i prime?
False
Let a(n) = -n**2 + 14*n + 10. Let r be a(14). Let h(k) = 191*k - 67*k + 7 + r + 54*k. Is h(5) a prime number?
True
Suppose 0 = 691*o - 1293*o + 639*o - 1685165. Is o a prime number?
False
Suppose 4*c = 16, 3*s - 3*c = 2*c - 329. Let a = s - -171. Suppose 63*v = a*v - 2755. Is v a prime number?
False
Let c(i) be the second derivative of -i**5/20 - 7*i**4/6 - i**3/6 - 11*i**2/2 - 14*i. Let r be c(-14). Let a(b) = 66*b**2 - 6*b + 7. Is a(r) a composite number?
True
Let n = 26 + -18. Suppose 0 = n*b - 7*b + 18663. Is b/(-27) - 4/18 prime?
True
Let x be (-48 + 2)/(-2*4/114300). Is (-2)/7 + x/105 prime?
False
Let j(t) = -967*t - 2. Let g(q) = -967*q - 2. Let m(i) = -3*g(i) + 4*j(i). Let f be m(-5). Suppose -6*a - 3*a + f = 0. Is a prime?
False
Is (1 - 63738)*(-35)/35 a prime number?
True
Let n be (73/(-3))/(1/((-15)/5)). Let l = 7 + n. Suppose -d + l + 234 = 4*x, 2*x = 4*d - 1184. Is d prime?
False
Suppose 15*z - 396814 = 84941. Is z composite?
False
Suppose -4*o + 5*t + 72212 = 0, 14679 = -5*o + 3*t + 104944. Is o a composite number?
True
Suppose n = 4*h - 73937, h - 8835 - 9653 = 4*n. Is (5*h/20)/1 a composite number?
False
Suppose -4*l + 16 = 0, 3*l + 33 = -3*a + 111. Is (4 - (-71423)/a) + (-2)/(-4) prime?
True
Let v(a) = 2175*a**2 + 6*a + 8. Let s(n) = 4349*n**2 + 12*n + 17. Let z(t) = -2*s(t)